{"id":26,"date":"2018-09-18T21:45:40","date_gmt":"2018-09-18T21:45:40","guid":{"rendered":"https:\/\/www.senarica.info\/?page_id=26"},"modified":"2018-09-18T22:59:17","modified_gmt":"2018-09-18T22:59:17","slug":"il-borgo","status":"publish","type":"page","link":"https:\/\/www.senarica.info\/?page_id=26","title":{"rendered":"Il Borgo"},"content":{"rendered":"<p><img loading=\"lazy\" decoding=\"async\" class=\"wp-image-27 size-full alignnone\" src=\"https:\/\/www.senarica.info\/wp-content\/uploads\/2018\/09\/Senarica-ovest-01.jpg\" alt=\"\" width=\"1641\" height=\"480\" srcset=\"https:\/\/www.senarica.info\/wp-content\/uploads\/2018\/09\/Senarica-ovest-01.jpg 1641w, https:\/\/www.senarica.info\/wp-content\/uploads\/2018\/09\/Senarica-ovest-01-300x88.jpg 300w, https:\/\/www.senarica.info\/wp-content\/uploads\/2018\/09\/Senarica-ovest-01-768x225.jpg 768w, https:\/\/www.senarica.info\/wp-content\/uploads\/2018\/09\/Senarica-ovest-01-1024x300.jpg 1024w\" sizes=\"auto, (max-width: 1641px) 100vw, 1641px\" \/><\/p>\n<p><strong><span style=\"color: #444444;\"><span style=\"font-family: Open Sans;\"><span style=\"font-size: medium;\">LOCALIZZAZIONE<br \/>\nSenarica<\/span><\/span><\/span><\/strong><span style=\"color: #444444;\"><span style=\"font-family: Open Sans;\"><span style=\"font-size: medium;\">\u00a0\u00e8 un piccolo villaggio abruzzese dell\u2019alta valle del fiume Vomano, adagiata su di un costone di roccia che si impone sulla gola serpenteggiante del fiume, immerso nel verde prepotente dei boschi del\u00a0<\/span><\/span><\/span><strong><span style=\"color: #444444;\"><span style=\"font-family: Open Sans;\"><span style=\"font-size: medium;\">Parco Nazionale del Gran Sasso e Monti della Laga<\/span><\/span><\/span><\/strong><span style=\"color: #444444;\"><span style=\"font-family: Open Sans;\"><span style=\"font-size: medium;\">, nel distretto della\u00a0<\/span><\/span><\/span><strong><span style=\"color: #444444;\"><span style=\"font-family: Open Sans;\"><span style=\"font-size: medium;\">Strada Maestra<\/span><\/span><\/span><\/strong><span style=\"color: #444444;\"><span style=\"font-family: Open Sans;\"><span style=\"font-size: medium;\">.<\/span><\/span><\/span><\/p>\n<p><span style=\"color: #444444;\"><span style=\"font-family: Open Sans;\"><span style=\"font-size: medium;\">Chi percorre la\u00a0<\/span><\/span><\/span><strong><span style=\"color: #444444;\"><span style=\"font-family: Open Sans;\"><span style=\"font-size: medium;\">S.S.80<\/span><\/span><\/span><\/strong><span style=\"color: #444444;\"><span style=\"font-family: Open Sans;\"><span style=\"font-size: medium;\">\u00a0del Gran Sasso, vecchia arteria di collegamento tra Teramo e L\u2019Aquila, proveniente da Montorio al Vomano, dopo circa 15 km, oltrepassato il bivio per Fano Adriano, la vede apparire sulla propria destra, arroccata trasversalmente alla valle, come se ne volesse sbarrare il percorso, ma occorre procedere fino alla successiva frazione Tintorale (al km 46,00) per trovare il bivio che, dopo circa 1,5 km della S.P.45 ci conduce a Senarica.<br \/>\nSenarica (a 630m s.l.m.) \u00e8 una frazione del\u00a0<\/span><\/span><\/span><strong><span style=\"color: #444444;\"><span style=\"font-family: Open Sans;\"><span style=\"font-size: medium;\">Comune di Crognaleto<\/span><\/span><\/span><\/strong><span style=\"color: #444444;\"><span style=\"font-family: Open Sans;\"><span style=\"font-size: medium;\">\u00a0(TE), distante circa 45 km da L\u2019Aquila, 35 km da Teramo, 22 km da Prati di Tivo (Gran Sasso), 19 km da Prato Selva di Fano Adriano, 16 km dal Lago di Campotosto e 6,5 km da Nerito (Sede Municipale).<br \/>\nFacilmente raggiungibile in auto tramite l\u2019autostrada A24 (strada dei parchi), uscita di Basciano, direzione Montorio al Vomano; o in autobus da Teramo con cambio a Tintorale.<\/span><\/span><\/span><\/p>\n<p><strong><span style=\"color: #444444;\"><span style=\"font-family: Open Sans;\"><span style=\"font-size: medium;\">DESCRIZIONE<\/span><\/span><\/span><\/strong><span style=\"color: #444444;\"><span style=\"font-family: Open Sans;\"><span style=\"font-size: medium;\"><br \/>\nLa struttura urbanistica di\u00a0<\/span><\/span><\/span><strong><span style=\"color: #444444;\"><span style=\"font-family: Open Sans;\"><span style=\"font-size: medium;\">Senarica<\/span><\/span><\/span><\/strong><span style=\"color: #444444;\"><span style=\"font-family: Open Sans;\"><span style=\"font-size: medium;\">\u00a0\u00e8 principalmente condizionata dalla morfologia del terreno, in quanto ne ripercorre fedelmente le linee di pendenza con le due vie longitudinali (via San Proto e via della Repubblica) che confluiscono in alto nella via Mazzini e in basso nella piazza Venezia, perimetralmente \u00e8 racchiusa all\u2019interno delle anse della S.P.45 che collega Piano Vomano alla S.S.80 del Gran Sasso.<br \/>\nLa chiesa, intitolata ai\u00a0<\/span><\/span><\/span><strong><span style=\"color: #444444;\"><span style=\"font-family: Open Sans;\"><span style=\"font-size: medium;\">SS.Proto e Giacinto<\/span><\/span><\/span><\/strong><span style=\"color: #444444;\"><span style=\"font-family: Open Sans;\"><span style=\"font-size: medium;\">, ristrutturata a met\u00e0 del secolo scorso, e la maggior parte delle abitazioni sono in pietra locale e non \u00e8 raro scoprire pietre e architravi scolpite con iscrizioni, date o bassorilievi che testimoniano un passato glorioso.<br \/>\nOggi il paese conta una settantina di residenti e negli ultimi anni si riscontra una positiva tendenza delle giovani coppie a scegliere Senarica come residenza, generando un incremento interessante di nuclei familiari, raro per le zone montane.<\/span><\/span><\/span><\/p>\n<p><strong><span style=\"color: #444444;\"><span style=\"font-family: Open Sans;\"><span style=\"font-size: medium;\">IL CASTAGNETO<\/span><\/span><\/span><\/strong><span style=\"color: #444444;\"><span style=\"font-family: Open Sans;\"><span style=\"font-size: medium;\"><br \/>\nSul versante della riva destra del Vomano, quasi di fronte all\u2019abitato, si estende per circa 70 ettari Il\u00a0<\/span><\/span><\/span><strong><span style=\"color: #444444;\"><span style=\"font-family: Open Sans;\"><span style=\"font-size: medium;\">Castagneto di Senarica<\/span><\/span><\/span><\/strong><span style=\"color: #444444;\"><span style=\"font-family: Open Sans;\"><span style=\"font-size: medium;\">, che \u00e8 di propriet\u00e0 comunale in concessione d\u2019uso ai privati.<br \/>\nSi tratta di un vero e proprio patrimonio boschivo da frutto poich\u00e9, da una valutazione tecnico-scientifica, si \u00e8 appreso che il bosco delle castagne di Senarica esisteva gi\u00e0 dal lontano 1500; ci\u00f2 \u00e8 dimostrato dalla presenza di numerosi alberi \u201dveterani\u201dplurisecolari con un diametro di circa 3 mt.<br \/>\nL\u2019intero bosco raccoglie ben quattro diverse variet\u00e0 di prodotto: la castagna, il marrone (detto \u201c<\/span><\/span><\/span><strong><span style=\"color: #444444;\"><span style=\"font-family: Open Sans;\"><span style=\"font-size: medium;\">Lu \u2018Nzite<\/span><\/span><\/span><\/strong><span style=\"color: #444444;\"><span style=\"font-family: Open Sans;\"><span style=\"font-size: medium;\">\u201d), la castagna rustica (non coltivato) ed il marrone rustico (non coltivato).<\/span><\/span><\/span><\/p>\n<p>&nbsp;<\/p>\n<p><strong>APPROFONDIMENTI<\/strong><\/p>\n<ul>\n<li><a href=\"https:\/\/it.wikipedia.org\/wiki\/Senarica\">Wikipedia &#8211; Senarica<\/a><\/li>\n<\/ul>\n","protected":false},"excerpt":{"rendered":"<p>LOCALIZZAZIONE Senarica\u00a0\u00e8 un piccolo villaggio abruzzese dell\u2019alta valle del fiume Vomano, adagiata su di un costone di roccia che si impone sulla gola serpenteggiante del fiume, immerso nel verde prepotente dei boschi del\u00a0Parco Nazionale del Gran Sasso e Monti della Laga, nel distretto della\u00a0Strada Maestra. Chi percorre la\u00a0S.S.80\u00a0del Gran Sasso, vecchia arteria di collegamento tra Teramo e L\u2019Aquila, proveniente da Montorio al Vomano, dopo circa 15 km, oltrepassato il bivio per Fano Adriano, la vede apparire sulla propria destra, arroccata&#8230;<\/p>\n<p class=\"read-more\"><a class=\"btn btn-default\" href=\"https:\/\/www.senarica.info\/?page_id=26\">Leggi tutto<span class=\"screen-reader-text\"> Leggi tutto<\/span><\/a><\/p>\n","protected":false},"author":1,"featured_media":0,"parent":0,"menu_order":0,"comment_status":"closed","ping_status":"closed","template":"","meta":{"footnotes":""},"class_list":["post-26","page","type-page","status-publish","hentry"],"_links":{"self":[{"href":"https:\/\/www.senarica.info\/index.php?rest_route=\/wp\/v2\/pages\/26","targetHints":{"allow":["GET"]}}],"collection":[{"href":"https:\/\/www.senarica.info\/index.php?rest_route=\/wp\/v2\/pages"}],"about":[{"href":"https:\/\/www.senarica.info\/index.php?rest_route=\/wp\/v2\/types\/page"}],"author":[{"embeddable":true,"href":"https:\/\/www.senarica.info\/index.php?rest_route=\/wp\/v2\/users\/1"}],"replies":[{"embeddable":true,"href":"https:\/\/www.senarica.info\/index.php?rest_route=%2Fwp%2Fv2%2Fcomments&post=26"}],"version-history":[{"count":4,"href":"https:\/\/www.senarica.info\/index.php?rest_route=\/wp\/v2\/pages\/26\/revisions"}],"predecessor-version":[{"id":59,"href":"https:\/\/www.senarica.info\/index.php?rest_route=\/wp\/v2\/pages\/26\/revisions\/59"}],"wp:attachment":[{"href":"https:\/\/www.senarica.info\/index.php?rest_route=%2Fwp%2Fv2%2Fmedia&parent=26"}],"curies":[{"name":"wp","href":"https:\/\/api.w.org\/{rel}","templated":true}]}}